ue
Is 30 a factor of 3774622508?
False
Is 11740199 a multiple of 476?
False
Does 6509 divide 1646217226?
True
Is 14119970 a multiple of 8?
False
Is 112 a factor of 266426244?
False
Is 488 a factor of 119378952?
True
Does 195 divide 243024405?
True
Does 14 divide 18029821?
False
Does 80 divide 41180957?
False
Is 95219829 a multiple of 240?
False
Is 1320 a factor of 706705550?
False
Does 201 divide 1125065541?
True
Is 163 a factor of 12161430?
True
Does 74 divide 41476778?
True
Is 47258000 a multiple of 20?
True
Is 477439 a multiple of 16?
False
Is 266149140 a multiple of 15?
True
Does 187 divide 5255834?
False
Is 1511 a factor of 63487220?
False
Is 2818660 a multiple of 65?
True
Does 75 divide 964232775?
True
Is 29 a factor of 262607180?
True
Is 1025361656 a multiple of 207?
False
Is 37265250 a multiple of 2638?
False
Is 492029769 a multiple of 33?
True
Is 1651876379 a multiple of 12?
False
Is 6223272 a multiple of 33?
True
Does 2 divide 237927?
False
Is 266 a factor of 589639008?
True
Is 159 a factor of 43214928?
True
Is 20 a factor of 797400910?
False
Is 601 a factor of 103889583?
False
Does 11 divide 17263256?
False
Is 43748667 a multiple of 153?
True
Is 272 a factor of 1140651856?
True
Is 34 a factor of 30643756?
False
Is 460 a factor of 2930722?
False
Is 664 a factor of 265872240?
True
Is 29 a factor of 167917772?
True
Does 2215 divide 347426992?
False
Is 37462500 a multiple of 750?
True
Is 146273314 a multiple of 1529?
True
Does 436 divide 154788619?
False
Is 360006971 a multiple of 1199?
False
Is 12951008 a multiple of 304?
True
Is 1878970200 a multiple of 7170?
True
Is 173 a factor of 62958797?
False
Does 831 divide 1063077525?
True
Is 474323495 a multiple of 651?
False
Is 3 a factor of 17704?
False
Is 26413520 a multiple of 560?
True
Is 108685296 a multiple of 3788?
True
Is 7466660 a multiple of 20?
True
Is 268 a factor of 103964436?
True
Is 27132644 a multiple of 22?
True
Does 6 divide 85464862?
False
Is 700 a factor of 11128600?
True
Does 896 divide 2134928768?
True
Is 121289948 a multiple of 3887?
True
Is 131 a factor of 138360404?
False
Does 204 divide 1918958844?
True
Does 43 divide 12517902?
True
Does 209 divide 21331794?
True
Is 66864237 a multiple of 121?
True
Is 481 a factor of 35065673?
False
Is 332566023 a multiple of 58?
False
Does 650 divide 685473986?
False
Is 62689510 a multiple of 38?
False
Is 6932 a factor of 3515104075?
False
Is 1573866465 a multiple of 14161?
False
Is 104041958 even?
True
Is 19524731 a multiple of 2801?
False
Does 445 divide 173606515?
True
Does 180 divide 644918734?
False
Is 8 a factor of 485626164?
False
Is 31715421 a multiple of 24?
False
Is 39 a factor of 70481857?
False
Is 270 a factor of 5381910?
True
Is 825416177 a multiple of 576?
False
Is 537 a factor of 1554090436?
False
Is 141 a factor of 2884749033?
True
Does 243 divide 20379438?
True
Is 35 a factor of 455371665?
True
Is 3490398 a multiple of 6?
True
Is 7938000 a multiple of 54?
True
Does 52 divide 21637126?
False
Does 3009 divide 405298433?
False
Is 11771170 a multiple of 66?
False
Is 783788983 a multiple of 285?
False
Is 17682703 a multiple of 1087?
False
Is 261818435 a multiple of 2?
False
Is 95115826 a multiple of 7?
False
Is 819 a factor of 22583106?
True
Is 399 a factor of 582676458?
True
Is 149 a factor of 281889223?
False
Is 2043 a factor of 343328193?
True
Is 32295056 a multiple of 8?
True
Is 3113312828 a multiple of 18?
False
Does 9701 divide 3847935430?
False
Does 6 divide 72533832?
True
Does 90 divide 426795114?
False
Is 285 a factor of 35423220?
True
Is 246 a factor of 167911501?
False
Is 143 a factor of 902873879?
False
Does 17 divide 172839400?
False
Does 3 divide 286699173?
True
Is 3907 a factor of 356322723?
False
Is 150831528 a multiple of 53?
False
Is 326 a factor of 49274574?
True
Is 209062560 a multiple of 21?
True
Is 80653430 a multiple of 143?
True
Is 38653232 a multiple of 7?
False
Is 559 a factor of 263216029?
False
Is 1096 a factor of 1609213863?
False
Is 11767932 a multiple of 198?
True
Does 463 divide 2151695275?
False
Does 14 divide 10691286?
False
Does 84 divide 273197736?
True
Is 535071592 a multiple of 1093?
True
Does 377 divide 1814028983?
False
Is 175 a factor of 39649750?
True
Is 413998896 a multiple of 23?
True
Is 909 a factor of 3813255?
True
Is 13 a factor of 75749739?
True
Is 5870155 a multiple of 786?
False
Does 176 divide 695165980?
False
Is 271574325 a multiple of 118?
False
Is 11686144 a multiple of 8?
True
Is 3420709200 a multiple of 183?
True
Is 3 a factor of 6739980?
True
Is 561508200 a multiple of 220?
True
Does 682 divide 672263979?
False
Is 146929440 a multiple of 28?
True
Is 5 a factor of 1621954641?
False
Does 7 divide 45407632?
False
Is 7 a factor of 6478920?
True
Is 29633905 a multiple of 575?
False
Does 223 divide 14006407?
True
Is 36 a factor of 1286485748?
False
Is 85 a factor of 1492430?
True
Is 13 a factor of 129071124?
True
Is 51 a factor of 3123648?
True
Does 201 divide 9577724?
False
Is 168569764 a multiple of 44?
True
Does 5 divide 154100217?
False
Does 13 divide 101728230?
False
Does 54 divide 597567200?
False
Is 608 a factor of 14308064?
True
Does 641 divide 28842436?
True
Is 7078 a factor of 779148035?
False
Does 18 divide 675646515?
False
Does 44 divide 75212999?
False
Is 38501383 a multiple of 1203?
False
Is 1429814393 a multiple of 119?
True
Is 4025116136 a multiple of 15308?
True
Is 7 a factor of 564703650?
True
Is 2649791727 a multiple of 98?
False
Is 10663284 a multiple of 334?
True
Is 18 a factor of 672863490?
True
Does 995 divide 9077131?
False
Does 4233 divide 103012507?
False
Does 109 divide 218891620?
True
Is 6072672 a multiple of 1464?
True
Is 18659152 a multiple of 422?
True
Is 9683598 a multiple of 69?
True
Is 7836740 a multiple of 1558?
True
Is 62759294 a multiple of 34?
False
Does 15 divide 308329725?
True
Is 43198570 a multiple of 22?
False
Does 2510 divide 3774618396?
False
Is 182984480 a multiple of 965?
False
Is 465644448 a multiple of 36?
True
Is 20 a factor of 73948080?
True
Does 841 divide 203711845?
False
Is 2 a factor of 381761237?
False
Is 23920759 a multiple of 851?
True
Is 111 a factor of 724289496?
False
Is 575 a factor of 251178520?
False
Does 4629 divide 539120253?
False
Does 14 divide 34453287?
False
Is 18662548 a multiple of 346?
True
Does 2460 divide 572368200?
True
Is 22591232 a multiple of 1432?
True
Does 89 divide 56438371?
True
Does 166 divide 79711540?
True
Does 206 divide 1449790640?
False
Does 19 divide 253308836?
True
Does 1962 divide 2464565482?
False
Is 100 a factor of 100237900?
True
Is 7 a factor of 1754590572?
True
Is 20 a factor of 350575340?
True
Does 22 divide 104192286?
True
Does 2631 divide 307609504?
False
Does 3 divide 119390601?
True
Does 4796 divide 27284444?
True
Does 118 divide 35464145?
False
Does 157 divide 90987969?
False
Is 689377474 a multiple of 2249?
False
Is 11071633 a multiple of 49?
False
Does 515 divide 14061289?
False
Is 243 a factor of 161452366?
False
Is 2846559100 a multiple of 95?
True
Does 408 divide 31277280?
True
Is 141241667 a multiple of 1986?
False
Is 7304 a factor of 470874593?
False
Is 24 a factor of 10020006?
False
Is 34010930 a multiple of 22?
False
Does 3522 divide 480361923?
False
Is 238282875 a multiple of 894?
False
Does 81 divide 28184517?
True
Is 22 a factor of 198174261?
False
Does 1144 divide 2453880?
True
Is 33799454 a multiple of 4?
False
Is 808789855 a multiple of 38?
False
Is 537 a factor of 1000799382?
True
Does 7015 divide 1181985410?
True
Does 129 divide 1368727023?
True
Is 95 a factor of 771247240?
True
Is 478905812 a multiple of 539?
True
Is 197 a factor of 718902738?
False
Is 316 a factor of 73289355?
False
Is 82738880 a multiple of 602?
True
Is 41 a factor of 306333919?
True
Does 5 divide 3275405?
True
Is 37933825 a multiple of 1187?
False
Does 400 divide 958290354?
False
Is 6 a factor of 127863570?
True
Does 25 divide 72451275?
True
Is 1409243063 a multiple of 1278?
False
Does 10 divide 71449615?
False
Does 188 divide 248317732?
True
Is 14 a factor of 3749354?
True
Is 947 a factor of 4497851?
False
Does 185 divide 1363201614?
False
Is 34206285 even?
False
Is 3095564 a multiple of 68?
True
Does 2227 divide 730153128?
True
Does 15 divide 5882040?
True
Is 33 a factor of 